52 (base 6) to base 9.
1865
Convert -1112002200 (base 3) to base 15.
-8d26
What is -1211011 (base 3) in base 7?
-3604
100121210 (base 3) to base 11
52a7
Convert 233 (base 4) to base 12.
3b
What is 1011 (base 7) in base 2?
101011111
Convert cb79 (base 13) to base 2.
110111010100011
What is -3333 (base 4) in base 5?
-2010
-356 (base 8) to base 16
-ee
Convert 513 (base 6) to base 2.
10111101
Convert -5205 (base 6) to base 16.
-485
a7 (base 14) to base 12
103
-9990 (base 13) to base 15
-6526
Convert 1058 (base 9) to base 15.
372
What is -70a (base 11) in base 6?
-3545
-1433 (base 6) to base 10
-381
Convert -26423 (base 7) to base 5.
-211243
13258 (base 13) to base 8
105353
-17444 (base 8) to base 6
-100524
Convert -1002310 (base 4) to base 14.
-17b6
-333302 (base 4) to base 8
-7762
-35212 (base 6) to base 7
-20501
Convert 544 (base 7) to base 15.
137
-6157 (base 8) to base 12
-1a13
-1074 (base 13) to base 6
-14340
-11995 (base 10) to base 16
-2edb
What is -2c (base 15) in base 10?
-42
What is 936 (base 16) in base 13?
10c5
Convert -1110101100000 (base 2) to base 16.
-1d60
What is 11153 (base 7) in base 15?
c8b
1021201120 (base 3) to base 4
12023202
Convert -99 (base 13) to base 9.
-150
What is 103305 (base 7) in base 4?
10121010
Convert 1111010011000101 (base 2) to base 10.
62661
1623 (base 13) to base 9
4400
-4240 (base 8) to base 12
-1340
What is 299 (base 12) in base 5?
3110
What is 6386 (base 14) in base 4?
10030102
-42 (base 10) to base 2
-101010
42324 (base 5) to base 11
2151
Convert 2110012 (base 4) to base 9.
14001
-10220 (base 4) to base 3
-101222
Convert -11728 (base 10) to base 4.
-2313100
Convert 1a327 (base 13) to base 2.
1100011101111111
Convert -1022102021 (base 3) to base 8.
-62333
Convert 25242 (base 6) to base 3.
12011122
254305 (base 6) to base 9
34505
Convert -10000100110001 (base 2) to base 3.
-102122201
-3211 (base 8) to base 11
-1291
201230 (base 4) to base 2
100001101100
Convert 3103 (base 11) to base 6.
31021
Convert 6571 (base 13) to base 6.
145211
Convert 14225 (base 6) to base 15.
9ee
-2954 (base 13) to base 11
-4550
Convert 435 (base 6) to base 16.
a7
2440 (base 7) to base 13
550
What is -254112 (base 6) in base 16?
-599c
-8a (base 13) to base 8
-162
What is 453 (base 15) in base 7?
2565
What is 1053 (base 9) in base 14?
3d7
Convert 550 (base 8) to base 3.
111100
Convert 26793 (base 11) to base 10.
38217
-61 (base 10) to base 8
-75
Convert -1011111001100111 (base 2) to base 3.
-2110212022
Convert -1524 (base 9) to base 13.
-6ac
Convert 8539 (base 10) to base 11.
6463
What is 20150 (base 7) in base 11?
3742
Convert 191 (base 14) to base 16.
143
-105324 (base 9) to base 14
-18d31
Convert -8614 (base 9) to base 15.
-1d21
Convert 12121 (base 4) to base 9.
504
Convert 470 (base 13) to base 9.
1042
Convert 596 (base 11) to base 2.
1011000110
Convert 2131132 (base 5) to base 9.
54853
What is 53442 (base 11) in base 3?
10221121211
Convert -100201 (base 3) to base 10.
-262
What is -503 (base 10) in base 12?
-35b
Convert 2021112 (base 3) to base 13.
9aa
What is -359 (base 13) in base 5?
-4311
Convert 10201021021 (base 3) to base 2.
10001110110001000
What is 1588 (base 12) in base 11?
1a10
What is -14b26 (base 14) in base 12?
-25a26
4537 (base 11) to base 3
22012002
Convert -17774 (base 8) to base 9.
-12207
120110221 (base 3) to base 10
11284
6260 (base 10) to base 7
24152
Convert 451 (base 10) to base 16.
1c3
Convert 1050 (base 12) to base 11.
1386
What is -90409 (base 10) in base 16?
-16129
644 (base 11) to base 3
1001200
Convert aaa (base 12) to base 9.
2134
-232324 (base 5) to base 14
-3128
Convert 211 (base 13) to base 6.
1344
Convert -141 (base 7) to base 12.
-66
aa4 (base 11) to base 9
1731
Convert 1517 (base 14) to base 8.
7241
What is -31134 (base 5) in base 13?
-c13
-22b (base 13) to base 2
-101110111
443440 (base 5) to base 16
3c87
-101000101110 (base 2) to base 7
-10412
Convert 6879 (base 10) to base 9.
10383
Convert 1d8 (base 14) to base 4.
12002
Convert -1011001111 (base 2) to base 13.
-434
What is -524 (base 10) in base 12?
-378
-3718 (base 10) to base 11
-2880
Convert 256 (base 15) to base 8.
1023
Convert -c048 (base 14) to base 6.
-412424
What is 3e16 (base 15) in base 10?
13296
Convert 101001101001000 (base 2) to base 3.
1002020122
-64bb (base 14) to base 8
-42005
What is 407 (base 11) in base 7?
1301
Convert -6655 (base 8) to base 7.
-13131
What is 10110000111 (base 2) in base 7?
4061
What is -13313 (base 4) in base 15?
-238
What is 1332023 (base 4) in base 9?
12062
What is -21112 (base 4) in base 15?
-29d
-3223 (base 7) to base 15
-514
What is -22125 (base 9) in base 8?
-34534
-1096 (base 10) to base 4
-101020
-4a20 (base 11) to base 6
-50204
What is 100100001001110 (base 2) in base 12?
a866
303321 (base 5) to base 6
113312
Convert b858 (base 16) to base 7.
254405
-4386 (base 13) to base 6
-111313
Convert -210433 (base 6) to base 3.
-212100010
What is -611 (base 7) in base 9?
-365
6a77 (base 16) to base 12
13933
What is -832 (base 9) in base 2?
-1010100101
Convert -10742 (base 11) to base 9.
-23270
What is 2 (base 9) in base 2?
10
What is 1ada (base 15) in base 4?
1123012
What is b17 (base 16) in base 12?
1787
What is 3214 (base 6) in base 5?
10410
Convert -1963 (base 10) to base 11.
-1525
Convert -1627 (base 12) to base 2.
-101000111111
-3550 (base 7) to base 14
-697
Convert -2141 (base 6) to base 12.
-351
What is 1003 (base 16) in base 7?
14644
What is -925 (base 13) in base 16?
-610
-112e (base 16) to base 11
-3339
-1126 (base 7) to base 12
-2a4
What is -4e94 (base 15) in base 4?
-10012111
Convert 408 (base 13) to base 7.
1665
11101110 (base 2) to base 9
284
What is 6734 (base 8) in base 13?
17cc
-100010111111 (base 2) to base 12
-1367
Convert 106255 (base 7) to base 11.
13306
-100110000110 (base 2) to base 5
-34223
Convert -335 (base 15) to base 7.
-2054
-21516 (base 7) to base 16
-151b
1012200 (base 3) to base 15
3dc
What is -3071 (base 8) in base 15?
-713
Convert 110100111 (base 2) to base 5.
3143
102132 (base 8) to base 7
200532
What is 202 (base 5) in base 16?
34
-1123 (base 5) to base 9
-201
What is -18795 (base 10) in base 7?
-105540
What is 14004 (base 7) in base 6?
25253
Convert 6485 (base 13) to base 9.
21138
-46a4 (base 14) to base 11
-9269
What is 112134 (base 5) in base 13?
1ac1
Convert -31231 (base 4) to base 16.
-36d
What is 12202021 (base 4) in base 13?
c247
Convert 14041 (base 5) to base 11.
952
Convert 9b4 (base 14) to base 9.
2565
-110100100001011 (base 2) to base 14
-9b2b
Convert -402420 (base 5) to base 15.
-3c25
Convert 202 (base 7) to base 11.
91
85267 (base 9) to base 16
dc24
What is 100000001111111 (base 2) in base 13?
7691
11130 (base 4) to base 15
183
What is 233251 (base 7) in base 13?
16153
Convert -86a (base 12) to base 7.
-3412
Convert -100101111 (base 2) to base 14.
-179
Convert 2434 (base 5) to base 6.
1413
What is 357a (base 16) in base 4?
3111322
-2511 (base 8) to base 12
-949
-200000010 (base 3) to base 14
-4ad7
Convert -130411 (base 5) to base 9.
-7003
-12 (base 10) to base 2
-1100
c50 (base 16) to base 5
100102
What is 2aa (base 14) in base 15?
262
-1100212 (base 3) to base 9
-1325
-10001101010101 (base 2) to base 3
-110102000
-15d9 (base 15) to base 3
-20110020
c2b (base 14) to base 11
1884
What is -1422 (base 6) in base 8?
-566
What is -202221112 (base 3) in base 9?
-22845
Convert -28a3 (base 14) to base 16.
-1c1f
-466 (base 9) to base 4
-12000
What is -4131 (base 6) in base 12?
-647
What is 414510 (base 6) in base 15?
9da0
What is 4140243 (base 5) in base 2?
10000101001100110
11432 (base 8) to base 2
1001100011010
Convert 363150 (base 7) to base 16.
10194
What is -165 (base 10) in base 15?
-b0
-33b7 (base 12) to base 2
-1011001111011
What is 3ae4 (base 16) in base 15?
4701
-1f (base 16) to base 10
-31
-41647 (base 8) to base 13
-7b63
Convert -11001101 (base 2) to base 3.
-21121
What is -2233311 (base 4) in base 15?
-3503
-49b (base 12) to base 14
-379
-1550 (base 12) to base 8
-4714
Convert -2331332 (base 4) to base 3.
-121200022
Convert 6208 (base 11) to base 6.
102044
What is -199 (base 16) in base 10?
-409
-2320 (base 5) to base 6
-1315
What is 1345 (base 6) in base 13?
212
241 (base 8) to base 5
1121
-211001210 (base 3) to base 8
-37326
What is 356 (base 16)